ainder when 555 is divided by 199.
157
What is the remainder when 139990 is divided by 13?
6
What is the remainder when 1688 is divided by 326?
58
What is the remainder when 122049 is divided by 125?
49
Calculate the remainder when 851 is divided by 807.
44
Calculate the remainder when 34080 is divided by 48.
0
What is the remainder when 11588 is divided by 2791?
424
Calculate the remainder when 23674 is divided by 5876.
170
Calculate the remainder when 132357 is divided by 15.
12
Calculate the remainder when 6245 is divided by 132.
41
Calculate the remainder when 296 is divided by 74.
0
What is the remainder when 4302 is divided by 429?
12
What is the remainder when 26612 is divided by 857?
45
Calculate the remainder when 27245 is divided by 223.
39
Calculate the remainder when 61160 is divided by 61153.
7
What is the remainder when 30883 is divided by 4410?
13
Calculate the remainder when 700 is divided by 164.
44
Calculate the remainder when 11419 is divided by 65.
44
What is the remainder when 9778 is divided by 132?
10
What is the remainder when 4378 is divided by 4375?
3
What is the remainder when 7309 is divided by 2986?
1337
Calculate the remainder when 87385 is divided by 10920.
25
Calculate the remainder when 544407 is divided by 90.
87
Calculate the remainder when 1418 is divided by 306.
194
Calculate the remainder when 806 is divided by 278.
250
Calculate the remainder when 3144948 is divided by 31.
29
What is the remainder when 2879 is divided by 793?
500
Calculate the remainder when 167315 is divided by 382.
381
What is the remainder when 903 is divided by 572?
331
What is the remainder when 2018 is divided by 154?
16
What is the remainder when 20281 is divided by 322?
317
Calculate the remainder when 46073 is divided by 20.
13
What is the remainder when 769813 is divided by 1571?
23
What is the remainder when 104429 is divided by 10?
9
What is the remainder when 12667 is divided by 11?
6
What is the remainder when 170849 is divided by 402?
401
What is the remainder when 3781 is divided by 1875?
31
What is the remainder when 335086 is divided by 234?
232
Calculate the remainder when 12990 is divided by 4310.
60
What is the remainder when 73862 is divided by 78?
74
What is the remainder when 19005 is divided by 30?
15
What is the remainder when 89628 is divided by 29859?
51
Calculate the remainder when 2055 is divided by 197.
85
Calculate the remainder when 5697 is divided by 949.
3
Calculate the remainder when 1061153 is divided by 9.
8
Calculate the remainder when 52650 is divided by 10527.
15
Calculate the remainder when 4470 is divided by 1099.
74
What is the remainder when 180029 is divided by 255?
254
What is the remainder when 120358 is divided by 17?
15
Calculate the remainder when 209058 is divided by 52262.
10
What is the remainder when 588122 is divided by 91?
80
What is the remainder when 441 is divided by 225?
216
Calculate the remainder when 530203 is divided by 307.
14
What is the remainder when 15832 is divided by 89?
79
What is the remainder when 138444 is divided by 77?
75
Calculate the remainder when 3216 is divided by 75.
66
What is the remainder when 12493 is divided by 367?
15
What is the remainder when 1200869 is divided by 198?
197
What is the remainder when 13501 is divided by 896?
61
What is the remainder when 771325 is divided by 128?
125
Calculate the remainder when 1508 is divided by 609.
290
What is the remainder when 69017 is divided by 58?
55
Calculate the remainder when 6242 is divided by 334.
230
Calculate the remainder when 2217 is divided by 2050.
167
Calculate the remainder when 11828 is divided by 5857.
114
What is the remainder when 84723 is divided by 2487?
165
What is the remainder when 4737 is divided by 95?
82
What is the remainder when 248882 is divided by 49775?
7
Calculate the remainder when 774 is divided by 94.
22
Calculate the remainder when 1621 is divided by 208.
165
Calculate the remainder when 6363 is divided by 21.
0
What is the remainder when 6501 is divided by 501?
489
What is the remainder when 1175 is divided by 502?
171
Calculate the remainder when 1101877 is divided by 169.
166
Calculate the remainder when 14800 is divided by 4721.
637
Calculate the remainder when 300436 is divided by 129.
124
What is the remainder when 57994 is divided by 189?
160
Calculate the remainder when 2781 is divided by 291.
162
What is the remainder when 40740 is divided by 1309?
161
What is the remainder when 36796 is divided by 158?
140
What is the remainder when 4152 is divided by 247?
200
What is the remainder when 1494 is divided by 14?
10
Calculate the remainder when 39150 is divided by 4349.
9
Calculate the remainder when 16805 is divided by 136.
77
Calculate the remainder when 2433 is divided by 2433.
0
Calculate the remainder when 32575 is divided by 60.
55
Calculate the remainder when 66237 is divided by 15.
12
What is the remainder when 278786 is divided by 41?
27
Calculate the remainder when 5698 is divided by 3980.
1718
What is the remainder when 64737 is divided by 2154?
117
Calculate the remainder when 24468 is divided by 39.
15
What is the remainder when 8682 is divided by 2862?
96
Calculate the remainder when 3044 is divided by 414.
146
What is the remainder when 386984 is divided by 1397?
15
Calculate the remainder when 183430 is divided by 18.
10
Calculate the remainder when 260 is divided by 75.
35
Calculate the remainder when 2760 is divided by 306.
6
What is the remainder when 371 is divided by 112?
35
Calculate the remainder when 792037 is divided by 158404.
17
Calculate the remainder when 67 is divided by 51.
16
What is the remainder when 724676 is divided by 24?
20
What is the remainder when 73406 is divided by 48?
14
Calculate the remainder when 10822 is divided by 164.
162
Calculate the remainder when 351363 is divided by 746.
743
Calculate the remainder when 43046 is divided by 7.
3
Calculate the remainder when 521 is divided by 241.
39
What is the remainder when 183716 is divided by 192?
164
What is the remainder when 2943 is divided by 46?
45
What is the remainder when 311110 is divided by 41?
2
What is the remainder when 203005 is divided by 25372?
29
Calculate the remainder when 44598 is divided by 455.
8
What is the remainder when 11197 is divided by 5592?
13
Calculate the remainder when 3831 is divided by 181.
30
Calculate the remainder when 97177 is divided by 97173.
4
Calculate the remainder when 37614 is divided by 1704.
126
Calculate the remainder when 4513 is divided by 4266.
247
Calculate the remainder when 152180 is divided by 95.
85
What is the remainder when 393 is divided by 11?
8
Calculate the remainder when 8592 is divided by 257.
111
Calculate the remainder when 37473 is divided by 2498.
3
What is the remainder when 158842 is divided by 1961?
1
What is the remainder when 7362 is divided by 75?
12
What is the remainder when 13589 is divided by 3222?
701
What is the remainder when 7694 is divided by 334?
12
Calculate the remainder when 866830 is divided by 288931.
37
Calculate the remainder when 47332 is divided by 42.
40
What is the remainder when 5243 is divided by 82?
77
Calculate the remainder when 22076 is divided by 335.
301
What is the remainder when 2467 is divided by 310?
297
What is the remainder when 3715 is divided by 2182?
1533
What is the remainder when 15871 is divided by 74?
35
What is the remainder when 26776 is divided by 2055?
61
Calculate the remainder when 11471 is divided by 116.
103
Calculate the remainder when 265666 is divided by 524.
522
What is the remainder when 21253 is divided by 7065?
58
Calculate the remainder when 1139813 is divided by 106.
101
What is the remainder when 97914 is divided by 107?
9
What is the remainder when 112198 is divided by 142?
18
What is the remainder when 1183 is divided by 433?
317
Calculate the remainder when 6500 is divided by 658.
578
Calculate the remainder when 7037 is divided by 578.
101
Calculate the remainder when 29521 is divided by 46.
35
Calculate the remainder when 41378 is divided by 10094.
1002
What is the remainder when 19908 is divided by 913?
735
What is the remainder when 1162 is divided by 1011?
151
What is the remainder when 4599 is divided by 115?
114
What is the remai